 -v + 6 = 3*h, 3*v - 4*h + 4 = -k*h. List the prime factors of v/3 + 2 - -40.
2, 3, 7
Let o(q) = -3*q**2 + 11*q - 29. Let k be o(6). Let v = k - -78. List the prime factors of v.
7
Let f be 8/36 + (-52)/(-9). Suppose -2*w - 9 = -3*n, -4*w + f*n - 2*n - 12 = 0. Suppose -5 = -i - w*i. What are the prime factors of i?
5
Let g = 5340 + -3088. List the prime factors of g.
2, 563
Let s(g) be the second derivative of 1/6*g**3 + 0 - 7/2*g**2 + 3*g. List the prime factors of s(12).
5
Let y be (-20)/100 - (-74)/(-5). Let x = 15 + y. Let f(u) = -u**2 - u + 15. What are the prime factors of f(x)?
3, 5
List the prime factors of (4 - 2) + 2 - (1 - 408).
3, 137
Suppose 1899 = q - 2*s, 0 = 7*q - 4*q - 4*s - 5691. List the prime factors of q.
3, 631
Let s = -407 - -1535. What are the prime factors of s?
2, 3, 47
Suppose 0 = -0*b - 4*b + x - 281, 2*b = 5*x - 145. Let o = -9 - b. List the prime factors of o.
61
Let g(f) = -f**3 + 3*f**2 + 5*f - 4. Let a be g(3). Let k = a - 53. Let y = k - -72. List the prime factors of y.
2, 3, 5
Let g = 1836 + -1339. What are the prime factors of g?
7, 71
Let d(s) = s**2 - 3*s + 21. Suppose 14*w - 11*w = 36. What are the prime factors of d(w)?
3, 43
List the prime factors of (6/(-8))/(60/(-31200)).
2, 3, 5, 13
Let o(g) = 2*g**3 - 3*g**2 - g + 17. What are the prime factors of o(6)?
5, 67
Let j = -19 - -23. Suppose 0 = j*g - 70 - 66. What are the prime factors of g?
2, 17
Suppose 35 = 3*o + 4*p - 0*p, -5*p = 2*o - 14. Let h = 80 - o. List the prime factors of h.
3, 7
Let v = -125 + 344. Suppose 4*f - v = -79. Suppose 107 = 2*z + f. What are the prime factors of z?
2, 3
Let c = -146 - -40. Let y = -300 - -297. What are the prime factors of (2 - c/2) + y?
2, 13
Suppose 2*x = 5*x - 6. Suppose x*w = -c + 3*c + 80, 2*c - 34 = -w. What are the prime factors of w?
2, 19
Let z(s) = -3*s - 3*s + 0*s - 8 + 5*s. Let w be z(-8). What are the prime factors of (w - 2) + -3 + 9?
2
Let g be 1/((-2)/(-6)) + -7. Let b(k) = -16*k - 3. What are the prime factors of b(g)?
61
Let v = 4 - -41. Suppose v*b - 42*b = 843. List the prime factors of b.
281
Suppose 3*i = 9 + 9. Suppose i*u + 112 = 10*u. Suppose -6*q = -u - 218. List the prime factors of q.
41
Suppose -2*z - 2 - 6 = 0. List the prime factors of 35 - (2 + -4 - z).
3, 11
Let d be (-6)/(-18) + 358/6. Suppose 5*h + 207 = -r + 5*r, 4*h = r - d. Suppose -10*s = -12*s + r. List the prime factors of s.
2, 3
Let l(j) = -28*j - 8. What are the prime factors of l(-8)?
2, 3
Suppose -3*q = -6*q + 420. Suppose v = 4*z - 0*v - 204, -4*v = -3*z + q. What are the prime factors of z?
2, 13
What are the prime factors of 8/(-8)*(-9 + -2060)?
2069
Let c(h) = 2*h**3 - 5*h**2 - 8*h - 1. Suppose t = -5*d + 32, -d + 4 + 8 = 3*t. List the prime factors of c(d).
7, 29
Let z = 1851 + -1432. List the prime factors of z.
419
Let o(r) = 68*r**2 + 2*r + 2. Let v(s) = 0*s**2 + 2*s**2 - 12*s**2 + 9*s**2 - 17 + 10*s. Let d be v(8). What are the prime factors of o(d)?
2, 17
Let c be (-13)/((-39)/36) + 3. Let w(m) = m**3 + 7*m**2 + 3. Let p be w(-7). Suppose -2*b = -p*b + c. What are the prime factors of b?
3, 5
Let a = 2094 + -1866. List the prime factors of a.
2, 3, 19
Let x(u) = 617*u**2 - 10*u. List the prime factors of x(-1).
3, 11, 19
Suppose 5*v - 4*n - 35 = n, 4*v - 3*n = 24. Let c(k) = 2*k - 3. What are the prime factors of c(v)?
3
Suppose i - 4*i - 1 = -2*w, -w + 2*i = 0. Let z = 15 - 15. Suppose 4*k = -0*k, -d - w*k + 19 = z. What are the prime factors of d?
19
Let j(f) = -7*f - 15*f - 21 + 9*f. What are the prime factors of j(-5)?
2, 11
Suppose 2*h + 3*g + g - 786 = 0, -h + 381 = -4*g. What are the prime factors of h?
389
Let w(z) = -z**3 - 12*z**2 - 11*z + 2. Let g be w(-11). Suppose -3*s + 5*h = g*h - 105, 4*s + 4*h - 124 = 0. What are the prime factors of s?
3, 11
Suppose -n + 5*u + 1899 = 0, 6*u + 9521 = 5*n + 7*u. List the prime factors of n.
2, 7, 17
Let n(x) = 2*x - 6. Let t be n(4). Let z = 2 + t. List the prime factors of z.
2
Suppose -10*z + 33690 = 20*z. What are the prime factors of z?
1123
Suppose -3*p = 4*p - 4788. What are the prime factors of p?
2, 3, 19
Let t be -210 - 0*1/5. Let w be (-1)/5 - t/50. Suppose 0 = l + 3*z - 35, w*l - 83 = 2*z + 29. What are the prime factors of l?
29
Let k = -798 - -1418. List the prime factors of k.
2, 5, 31
Let u(c) = -8*c**2 - 18*c - 17. Let f(d) = 4*d**2 + 10*d + 9. Let t(a) = -11*f(a) - 6*u(a). List the prime factors of t(3).
3, 11
Let m = -29 - -27. List the prime factors of -3 + 2 + m + 26 + -1.
2, 11
Let d be 3*2/(-3) - -1 - -7. Suppose 0 = d*q - 5*q - 206. What are the prime factors of q?
2, 103
Let o(g) = g**3 - 10*g**2 + 5*g + 9. Let w be o(9). Let n = w - -32. Let y = n + 36. List the prime factors of y.
41
Suppose -1 = -2*u - c + 1, -5*u = 5*c. Suppose 3*y = u*y + 159. What are the prime factors of y?
3, 53
Let v = 932 - 742. What are the prime factors of v?
2, 5, 19
List the prime factors of (294/63)/(((-8)/201)/(-4)).
7, 67
Suppose 3*q = 10 - 19. What are the prime factors of (9/(-3) - q) + 90?
2, 3, 5
Suppose -1716 = -13*u + 9048. What are the prime factors of u?
2, 3, 23
Let k(y) = 9*y + 96. Let x(r) = 4*r + 47. Let t(n) = -3*k(n) + 7*x(n). List the prime factors of t(-4).
37
Let s(a) = 19*a**2 - 30*a - 10. What are the prime factors of s(7)?
3, 79
Suppose 0 = 25*r - 38540 - 5935. What are the prime factors of r?
3, 593
What are the prime factors of (358/(-28)*4)/(48/(-336))?
2, 179
Let p(m) = -3*m**2 - 6*m + 14. Let t be p(2). Let j(s) = s**3 + 14*s**2 + 21*s + 13. What are the prime factors of j(t)?
7, 29
Let l be -1*17 + (-10 - -12). Let h = l - -19. Suppose -83 = -h*x + 157. List the prime factors of x.
2, 3, 5
Suppose -2*k + 66 = -5*k. Let o = k + 16. What are the prime factors of 6*(-39)/o + 3?
2, 3, 7
Suppose 0 = 2*b + 10 - 26. Suppose -3*a - 55 = -b*a. List the prime factors of a.
11
Let s = 56 - 51. Suppose -f = -4*x + 223, 0 = 7*f - 2*f - s. What are the prime factors of x?
2, 7
Let k be 7 - -43 - (3 + -1). Suppose k = -6*j + 264. List the prime factors of j.
2, 3
Let x = 146 - 143. What are the prime factors of (-2)/(-8) + 3882/24 + x?
3, 5, 11
Let t(r) = r**3 - 2*r**2 + 2*r - 4. Let g be t(2). Suppose g = c - 3*c. Suppose -2*u = 2*o - c*u - 32, 2*u + 34 = 4*o. What are the prime factors of o?
11
Let l = -3056 + 8420. List the prime factors of l.
2, 3, 149
Suppose 1459 = 9*t - 3311. Suppose 0 = 9*i - 4*i - t. What are the prime factors of i?
2, 53
Let q be -9 + (-2)/(6/3). Let f be (8/q)/((-5)/75). Let k = 26 - f. List the prime factors of k.
2, 7
Let u be ((-32)/(-10))/((-2)/(-70)). Let a = u - 69. Suppose -c + a = 1. List the prime factors of c.
2, 3, 7
Suppose -17*r = -10*r. Suppose 0*k - 332 = -2*d + k, r = -3*d + k + 500. What are the prime factors of d?
2, 3, 7
Let f(b) = -2087*b + 11. List the prime factors of f(-1).
2, 1049
Suppose 4*i + 10 = 3*i. List the prime factors of (12*(-2)/i)/(15/825).
2, 3, 11
Let m be 17048/(-12)*-1*(-3)/1. List the prime factors of m/(-18) + ((-80)/(-36))/10.
3, 79
Suppose -k = 3*d - 2944, d + 2*d - 5*k = 2938. What are the prime factors of d?
3, 109
Let s(w) = w**3 + 6*w**2 + 2*w + 13. List the prime factors of s(7).
2, 83
Let m(a) = a**3 + a**2 - a. Let c(r) = -7*r**3 - 10*r**2 + 4*r + 3. Let j(u) = c(u) + 5*m(u). What are the prime factors of j(-4)?
5, 11
Let l(r) = 2*r + 16. Let s be l(0). Suppose 7 = u + 11. Let o = s - u. What are the prime factors of o?
2, 5
Let s(u) = 19*u**3 - 4*u**2 - 7*u + 20. List the prime factors of s(2).
2, 71
Let p = -28 + 21. What are the prime factors of -22*(21/2)/p?
3, 11
Let v be ((-2)/(-4))/(2/8). Suppose -5*o + 4 = n + 7, -5*n + 8 = 2*o. What are the prime factors of (v - n - -3) + 18?
3, 7
Suppose 0 = -4*o + 7*k - 3*k + 2032, 3*k = 2*o - 1019. List the prime factors of o.
5, 101
Let a(c) = -c**3 - 16*c**2 - c + 30. Let j be -5*((-6)/(-5) + 2). List the prime factors of a(j).
2, 23
Suppose -1271 = -13*n + 848. List the prime factors of n.
163
Let x(a) = -19*a + 9. Let d be (24/30)/((-4)/(-30)). Let m be x(d). Let y = -50 - m. List the prime factors of y.
5, 11
Suppose -6*t + t = 20, t = -o. Suppose 0*s + o*s - 132 = 0. List the prime factors of s.
3, 11
Let d(o) = 74*o + 45. What are the prime factors of d(10)?
5, 157
Suppose -3*m + 15 = 0, 4*g - 5*m + 315 = 6